se y*g = -g - 28. Let u = -24 - g. What is the highest common divisor of u and 10?
2
Suppose 2*u - 137 + 153 = 0, 0 = -5*p - 2*u + 524. Suppose 2*v + b = 51, 88 = 5*v - 2*b - 26. What is the greatest common divisor of v and p?
12
Let b = 17 - 10. Suppose 0 = -r + b*r - 48. Let g = -793 - -817. Calculate the highest common divisor of g and r.
8
Let m be ((-649)/(-4) - -2) + (-1)/4. Let z = 44 + m. Let b(w) = 7*w**2 + 2*w + 2. Let p be b(-2). Calculate the highest common factor of p and z.
26
Let w = 920 - 335. Let h = w - 573. Calculate the highest common factor of h and 432.
12
Let z(g) = g**2 - 7*g - 3. Let s be ((-6)/20)/((-48)/(-440))*-4. Let n be z(s). Suppose -n = -4*r + 27. Calculate the highest common divisor of 51 and r.
17
Let f = 200 + 1750. What is the greatest common factor of f and 100?
50
Let n(f) = -f + 8. Let h be n(3). Suppose 0*c + h*x = -2*c + 5, 55 = 4*c + x. Let t = -62 + 107. What is the greatest common divisor of t and c?
15
Let g = 8610 - 4635. What is the highest common divisor of g and 477?
159
Suppose 0 = 5*t + 3*i - 36, -4 = -t - 4*i + 10. Suppose -2*m + t*m + x - 640 = 0, 0 = 5*m - 2*x - 800. Calculate the greatest common factor of m and 10.
10
Suppose 3*d - 5*a + 699 = 4*d, -2*a - 2796 = -4*d. Let b = d - 662. Let o = 44 - 7. Calculate the greatest common divisor of b and o.
37
Let g = 4980 - 2871. Calculate the greatest common divisor of g and 333.
111
Suppose 84 = 5*s - 4*g + 5*g, -s = -g - 18. Suppose -3*a = 5*f - 1387, 6*f - 2316 = -5*a + 2*f. Let u = a - 243. Calculate the highest common factor of u and s.
17
Suppose -303*s = 44*s - 57255. What is the greatest common factor of 4365 and s?
15
Suppose 2*x = -0*x + 21040. Suppose 7*k + x = -12475. Let t be (-1)/(-2) + k/(-30). Calculate the highest common divisor of 22 and t.
22
Suppose -t + 161 = 5*q, q = 4*q + 3. Let c = -34 + t. What is the greatest common divisor of c and 110?
22
Let p(u) = 16*u - 423. Let w be p(27). Suppose 2*x + 63 = 3*x. Calculate the highest common factor of x and w.
9
Let p(h) = -2*h**3 + h**2 + 2*h + 61. Let k be p(0). Suppose -132 = -4*q - 4*c, 3*q = -2*c + 37 + k. What is the highest common factor of q and 672?
32
Let i(m) be the third derivative of 7*m**4/24 - 17*m**3/6 + 16*m**2. Let x be i(16). Suppose 26 - 216 = -5*g. What is the highest common divisor of g and x?
19
Let o be 2/(58/(-20) - -3). Suppose 0 = 5*x - o, -1 + 7 = d - 3*x. Let l be 4 + (4 + -1 - 5). What is the greatest common factor of l and d?
2
Let a(c) = c**3 + 6*c**2 + c. Let w be a(-5). Suppose 157 = x - 23. What is the greatest common factor of w and x?
20
Suppose 112 = 2*v - k - 0*k, -5*k = -3*v + 175. Let c be ((26625/10)/15)/4 + 3/(-8). Calculate the greatest common factor of c and v.
11
Let j = 6447 + -6105. Let p = 49 + -40. Calculate the highest common factor of p and j.
9
Suppose -9*k + 11*k - 50 = 0. Suppose 25 = 5*y + 4*q, 0*q - 3*q - k = -5*y. Suppose 4*n = 240 - 20. What is the highest common divisor of y and n?
5
Let q = 5769 - 106. What is the greatest common factor of 14 and q?
7
Suppose x - 285 = -2*z, 3*z + 164*x = 169*x + 408. What is the highest common divisor of 12 and z?
3
Suppose -150 = -2*i - 2*i - 2*b, b + 141 = 4*i. What is the greatest common divisor of i and 5706?
18
Let i = 270 + -266. Suppose -i*v = -745 - 175. Calculate the greatest common divisor of 20 and v.
10
Let n = 16180 - 15440. Calculate the highest common factor of 296 and n.
148
Let o = -10122 - -11546. Calculate the greatest common factor of 89 and o.
89
Let a(i) = i. Let g be a(2). Suppose 3*k + 2 = -f, 0 = -f + k + g*k - 20. Let z = f - -12. Calculate the greatest common factor of 5 and z.
1
Let l(x) = -155*x + 37. Let p be l(0). What is the highest common factor of 4033 and p?
37
Let g = 34970 + -14854. Calculate the greatest common factor of 94 and g.
94
Suppose 1941*h - 253 + 55 = 1923*h. Suppose -n - 2*v - 3 + 12 = 0, -n - 3*v = -8. Calculate the greatest common divisor of n and h.
11
Suppose 2*w - 5*b - 11 = -2*b, -4*w = 2*b - 46. Suppose w*u - 17 = 13. Calculate the greatest common factor of 15 and u.
3
Let i(o) = -o**2 - 318*o + 4347. Let r be i(13). Let z = -75 + 185. What is the greatest common divisor of r and z?
22
Let s be (-190)/(-8) + 4*6/96. Suppose -s*u = -22*u + 154. Let y = 82 + u. Calculate the highest common divisor of y and 35.
5
Let b be (-36)/(-54)*3*32. What is the greatest common divisor of 23872 and b?
64
Suppose 5*n + 3 - 23 = 0. Suppose -n*d - 1 = -13. Suppose -67 = -d*w - 5*a, 3*w - 4*a = -5*a + 47. What is the highest common factor of 28 and w?
14
Let t be 150 + 8*(-17)/34. Calculate the highest common factor of t and 18542.
146
Let h(q) = 0*q**2 - 2 + 2*q + 2*q + q**2. Let t be h(-4). Let p be (4 + t/(-2))*8. What is the greatest common divisor of 16 and p?
8
Let x = 773 - 215. Suppose 17*a = 15*a - 4*b + 380, -3*a = 2*b - x. Calculate the greatest common factor of 16 and a.
8
Let w(o) = -o**3 + 30*o**2 - 27*o - 17. Let g be w(29). Suppose 50*y = g*y + 162. What is the highest common divisor of 4 and y?
2
Let q = 11 + 66. Suppose 4*v = u + 382, -v - 5*u + 29 + q = 0. Let j = 2 + 10. What is the greatest common divisor of j and v?
12
Let n be 0 + (1 - (-11 - 0)). Let i be (-10)/(-85) + 12034/17. Calculate the highest common factor of n and i.
12
Let p(h) = -2 + 7*h - 5 - 2. Suppose d = 4*a - 14, 3*d + 2*a = 4*a - 2. Let s be p(d). Calculate the greatest common divisor of 40 and s.
5
Let a be (-184)/(-16) - 8/(-16). Let b be (-6678)/53*a/(-14). Calculate the greatest common factor of 72 and b.
36
Let z = -4727 + 4943. Calculate the greatest common factor of 23112 and z.
216
Suppose -2*u + 3408 = 176*a - 171*a, u + 2742 = 4*a. Calculate the highest common divisor of a and 1692.
36
Suppose 3*j - 433 = -5*z - 2*z, 20 = -4*j. Calculate the greatest common divisor of z and 10544.
16
Let x be (-357)/(-27) - 18/81 - -2. Let p = x - -33. Calculate the greatest common divisor of p and 36.
12
Let u be (6/(-5))/((-38)/149150). What is the greatest common factor of u and 30?
30
Let s be -18 - ((-224)/(-8))/(-7). Let k be (-18)/(-126) + (-2574)/s. Calculate the highest common divisor of 115 and k.
23
Suppose -8*j = 12*h - 10*h - 9730, 0 = -j - h + 1220. What is the greatest common divisor of j and 1665?
45
Suppose 388*s = 332*s + 265216. What is the highest common divisor of s and 384?
128
Suppose -143 - 43 = -3*y. Let q be (1 + 369)*93/y. Calculate the greatest common divisor of 15 and q.
15
Let o(s) be the first derivative of s**2 + 4/3*s**3 - 4*s + 10. Let i be o(6). What is the greatest common factor of 19 and i?
19
Suppose 198 = l + 2*w, 40*l - 43*l - 5*w = -588. Calculate the greatest common divisor of l and 8711.
31
Let z be (111 + -109)*-34*(-31)/(-8)*-2. What is the highest common divisor of z and 17?
17
Suppose -41 = 5*d - 3*s, 4*d = 2*s - 0*s - 34. Let z = -4 - d. Suppose 2*p - 5*n - 79 = 0, -n - 166 = -4*p + n. What is the greatest common divisor of z and p?
6
Suppose 3*x + 8 = -4*y, -y + 5*y - x - 8 = 0. Suppose 2*k - 433 = -7*s + 2*s, -y = k. Calculate the greatest common divisor of s and 203.
29
Suppose 12*p - 14553 - 6254 = 45181. What is the highest common divisor of p and 117?
117
Suppose -2*b + 18 = 0, 5*n + 17 = n + 5*b. Calculate the greatest common divisor of n and 973.
7
Let b = 309 + -288. Let t be (5/(-2))/(4/(-8)). Suppose -2*f - 6 = 0, t*v = -f + 40 + 27. What is the highest common factor of v and b?
7
Suppose 339*k = 341*k - 32. What is the greatest common divisor of k and 5776?
16
Let a(u) = u**2 + u + 2. Let t(z) = 3*z - 9. Let p be t(3). Let k be a(p). Suppose 0*f + 20 = k*f. Calculate the greatest common factor of 15 and f.
5
Suppose -63*s + 329650 = 124*s + 80379. What is the highest common divisor of s and 124?
31
Let f = 16757 - 16628. What is the highest common factor of f and 36120?
129
Let a be 760/(-57)*(-9)/(-4). Let r = a + 58. Calculate the highest common divisor of 56 and r.
28
Let j = 234 + 22. Let w = 210 - 203. Suppose -w*c = -3*c - j. What is the highest common divisor of 8 and c?
8
Suppose 36*v + 5*g + 3775 = 31*v, 0 = -5*v + 4*g - 3811. Let h = v + 1609. Calculate the greatest common factor of h and 10.
10
Suppose 0 = 4*m - 915 + 591. Calculate the highest common factor of 153 and m.
9
Suppose -7*z + 8